- ((-1 - 6) + 18)) + 11?
5
1184 + -1175 - (0 - (0 + (-33 - 1)))
-25
What is 2 - (5 - ((5 - -2) + 10 + -4))?
10
Evaluate 32 - 42 - 4 - (-9 - -2).
-7
Evaluate -14 + (18 + 24 - 20) + -18 + 1.
-9
Calculate 54 - 54 - (4 - (0 - -9) - 2).
7
What is (-16 - ((-27 - -17) + -18)) + -4?
8
0 - ((37 - 19) + -18)
0
10 + 15 + -11 - 0 - -9
23
Evaluate 8 + -27 + 7 + 22.
10
What is the value of 41 - (-6 + 12) - (16 - (-8 - -21))?
32
Evaluate (7 - 17) + -6 + (1 - -4) + 5.
-6
What is (3 - -9) + (-11 - 2)?
-1
Evaluate -16 - (8 + -23 - 14).
13
Calculate (-3 - (6 + -3)) + 16 + (-60 - -30).
-20
What is the value of 1 + -1 + 45 - (1611 + -1598)?
32
(0 - 2 - 6) + 646 + -620
18
What is the value of -2 - (-5 - -3) - (9 + -27)?
18
What is the value of -7 + -25 + 28 - -18?
14
Evaluate -2 + -4 + -4 + (26 - 14).
2
Evaluate -6 - ((-1 - 1) + (-19 + 32 - 6)).
-11
What is (-83 + 89 - (-2 + 0)) + 6?
14
What is the value of (-15 - (4 + -18)) + -2?
-3
What is the value of (-2 - 0) + 15 + (-281 - -268)?
0
What is 24 - ((-12 - -2) + -5 + 16 - -4)?
19
36 - 29 - (-2 - -9 - 8)
8
What is the value of (-34 - (3 + -29)) + 2?
-6
Calculate -9 - (-7 - (-4 + 5)) - 13.
-14
-9 + 16 - (12 + -7 + -6)
8
Evaluate -16 + (9 + 3 - -9) + (1 - 31).
-25
Calculate 26 - -9 - (-11 + (-7 - -18)) - 2.
33
Calculate (5 + -11 - -2) + 2 - -9.
7
What is 71 + -90 + (8 - -1) - 14?
-24
Evaluate 2 + -2 + -24 + 4.
-20
Evaluate -4 + (-1 + 5 - -2) + 7 + -19.
-10
-2 + 27 - (414 + -417)
28
Evaluate -1 + 4 + -4 + 10 - 9.
0
What is the value of 9 - (0 + -20 - -6)?
23
Evaluate 749 + -751 - (0 + 1 + (2 - 0)).
-5
Evaluate (-18 - -36) + -17 + (-11 - 0).
-10
Calculate -112 + 109 - (-4 - -3 - (4 + -1)).
1
What is the value of -12 - (-1 - (-6 - -9))?
-8
(-21 - -12) + 3 + 25 + -9
10
What is the value of (-21 - 23 - -12) + 21?
-11
What is 0 + 3 + -1 + (-63 - -36) + 4?
-21
What is the value of -5 + (8 - -4) + -3 - (2 + -10)?
12
What is -4 + -10 + 12 + (6 + 1 - 0)?
5
What is the value of 3 - (13 + -5) - (4 + -20 + 0)?
11
8 - (-45 + (0 - -24))
29
-2 - (-12 - -9) - 2
-1
-40 + 18 - (4 - 18)
-8
What is the value of (15 - 21) + 6 - 10?
-10
What is -1309 + 1319 - (2 - -6 - -1)?
1
Calculate -6 - -7 - (5 - 1).
-3
What is 5 + -12 + -10 + (81 - 29)?
35
4 + (2 - 8) + -15 + 21 - 6
-2
What is -11 + -5 + 7 + -1?
-10
Calculate (13 - 6) + -23 - -13 - -14.
11
What is the value of -18 + -1 + (8 - (11 + -12))?
-10
Calculate 0 - 5 - (0 - -1) - -24.
18
Calculate 62 - 59 - (-3 - 0 - 10).
16
Evaluate (-13 - -24 - 12) + 2.
1
Evaluate (38 - 21) + -17 + 5.
5
47 + -51 - (-32 - (8 - 7) - 4)
33
Evaluate -11 - (38 + 40 + -66).
-23
(2 - 2) + -7 - ((4 - 15) + 3)
1
1 + (-2 - -3) - ((-5 - 11) + 19)
-1
What is 1 - (0 - 0) - (-19 - (-12 - -14))?
22
80 + -76 + (-4 + 7 - (1 + -18))
24
What is -10 + 23 + -25 + 17 + -2?
3
-1 - -24 - (-45 + 61 - 16)
23
(9 - (11 + -9) - (13 + -5)) + 8
7
What is -63 + 46 + 6 + 0?
-11
What is (0 - 1) + (-16 + 24 - (7 - 2))?
2
-6 + (-15 - -23) + 4 + -18
-12
What is -4 + (0 - (0 - (-4 - 12)))?
-20
3 - (3 + (20 + -20 - (-6 + 1)))
-5
(-2 - -1) + -3 - (-5 + 8)
-7
Calculate (-48 - -25) + 3 + 25 + -13.
-8
What is (-10 - 0) + 2 + 14 + -23?
-17
15 + 5 - (-25 + 29) - 27
-11
Calculate -10 + 37 + (-4 - (5 + 6)).
12
What is 7 + -5 + (6 - 3)?
5
What is -5 - (0 + 7 + -3 - 6) - -3?
0
Calculate 274 + -240 - (25 + 0).
9
What is 21 - (12 + (-4 - 2) + 4 + -5)?
16
Calculate 2 + -6 - -14 - ((-3 - -1) + -4).
16
(1 - -23) + (-15 - (-7 - -2)) + 8
22
(-1 - -23) + 236 + -254
4
(1 - -18 - (186 - 177)) + -1 + 4
13
-15 + 30 + -33 - (-51 - 2)
35
Calculate (11 + -4 + -10 - 13) + 8.
-8
What is -26 - (-7 - 2) - -1 - (2 - -2)?
-20
Evaluate -9 + 8 + -7 + -1 + (-1 - -4).
-6
Calculate -7 - -1 - (57 + -57).
-6
Calculate -4 - (-9 - (12 - 6 - 13)).
-2
What is the value of -5 + (-6 - -2 - (3 + -3 - 4))?
-5
Evaluate 24 + -50 + 11 + 6.
-9
Calculate 21 - ((1 - 13) + 20).
13
What is the value of 190 + -176 - (-4 + 2 + -4)?
20
12 - (-11 - -25) - (-2 + -1 + 0)
1
What is -1 - 14 - 0 - (-8779 - -8766)?
-2
What is -102 + 108 - (-1 + 0 + -6)?
13
Calculate (0 - (-1 + 4)) + -8 - -36.
25
4 + 0 + 4 + 7 - (-22 + 30)
7
What is the value of -38 - -4 - (-29 + 8 - -3)?
-16
(-32 - -9) + (-3 - -6) - -42
22
Calculate -726 + 702 - (-13 + 1).
-12
Evaluate -12 - (-3 - -8 - 9) - -19.
11
13 + 6 + -15 + -4
0
What is (-14 - 1 - -13) + -6?
-8
Calculate 8 - (32 - -2 - 3 - (-29 - -37)).
-15
What is the value of 41 - 0 - (-493 + 553)?
-19
-12 + 6 + (-6 - -9) + 11
8
Calculate -1 - (23 - (14 - -12)).
2
Evaluate 94 + -75 - (-1 - 5 - -20).
5
23 + -23 + (-7 - -6) + -9 + 1
-9
Evaluate 7 + (14 - 47) + 20.
-6
-10 + (-15 - (12 + -33 + 11))
-15
Evaluate 2 + 21 + 0 - (329 + -323).
17
What is -34 + 53 - (3 - -12)?
4
What is the value of (8 + -15 - 3) + (1 - -2 - -25)?
18
What is the value of 14 + (-12 - (-8 - -41)) + 2?
-29
Evaluate (2 - (-1 - 4)) + -8 + -4.
-5
What is 0 + 4 + -10 - (63 - 69)?
0
Evaluate -4 - (-4 - -5) - (30 + -25).
-10
What is -3 - (-23 + -16) - 9?
27
Calculate -6 + (26 - (-2 + 3 + (-1 - -5))).
15
What is the value of (-4 - -19) + -3 - (-224 - -209)?
27
What is the value of -18 + 9 + 3 - (-27 + 1)?
20
What is 1 - (6 - 12 - ((4 - 2) + -16))?
-7
What is the value of (4 - 6 - 6 - 0) + 2 + -4?
-10
-285 + 305 + (-2 - 40) - (-4 + -1)
-17
Evaluate -13 - (-13 + -14 - (-16 - -2)).
0
Calculate 25 + -33 + -1 + -18.
-27
Calculate -67 + 70 + -2 + 1 + -6 + -1.
-5
What is the value of -25 - (3 + -6) - -11 - -13?
2
What is the value of (-6 + 5 - 9) + (2 - -1)?
-7
Evaluate 2 - (-3 - 0 - ((-14 - 18) + 18)).
-9
Evaluate 70 - 83 - (-7 - (3 + -5)).
-8
-7 - (-2 - (-18 + 17)) - (-35 - 0)
29
What is the value of 1 + -6 + 10 + 7 + 7?
19
Evaluate -1 - (2 - (3 + (-3 - (1 + -2)))).
-2
Evaluate 42 + (-21 - (-51 + 29)) + -1 + -6.
36
(6 + 6 - -4) + -6 - -5
15
What is -2 + 3 - -3 - (-5 + -4 - -26)?
-13
What is the value of -15 + (71 - 76) + (7 - -1)?
-12
What is the value of -1 - (-2 + 4) - (-561 + 559)?
-1
Evaluate -18 - (-4 - (2 - 5)) - (-48 - -44).
-13
Evaluate (3 - 3) + 7 + 7 + -2.
12
(-12 + 28 - 21) + 1
-4
19 + (-2 - 8 - (37 + -52))
24
Calculate -6 + (-16 - -22) - -12.
12
What is the value of (-28 - 3) + -2 - (32 + -44)?
-21
What is -5 - 18 - (52 - 62)?
-13
Evaluate (16 - -28) + -34 + 14.
24
(6 - (-2 + (-8 - -7))) + -8 - -20
21
What is the value of 0 - 0 - (0 - -1 - (2 + -9))?
-8
Calculate (5 - 0) + (-40 + 36 - 8).
-7
Evaluate -16 - -19 - (-2 + -15 - (-2 + 0)).
18
Calculate 6 + (8 - (-19 + 22) - (0 - -1)).
10
-6 - (-12 - (-1 + -7 + 5))
3
What is the value of -2 - (-23 + 10) - 29?
-18
28 + (-2 - -3) + (-11 - (6 - 17))
29
Evaluate 8 - (-52 - -47 - (-2 - 3 - -4)).
12
What is (1 + -11 - -17) + -11?
-4
What is the value of (2 + -5 - 2) + (13 - -28) + -48?
-12
11 + -2 + -8 - (18 + -17)
0
Calculate 21 - (-3 + 2 + (8 - 20) + 14).
20
What is the value of 17 + -1 + -13 + (-13 - -3 - -1)?
-6
What is the value of 13 - -2 - (-98 - -102)?
11
(-2 - (9 + (-15 - -2))) + 0 + -13
-11
Calculate (7 - -2 - -5) + (-67 - -77).
24
Evaluate 14 - (-12 + 7 - -16).
3
What is -10 + -8 + 11 + (4 - -11)?
8
What is 7 + -21 + 29 + -11?
4
Evaluate (-21 - -33 - 13) + (17 - 0).
16
(13 - 25 - (2 - (3 - -1))) + 2
-8
0 - (-1 + -12 - (7 - 10))
10
Evaluate (14 - 7) + -5 - (4 + 8).
-10
0 + -2 - (88 + -79)
-11
Calculate (0 - -2) + (-878 - -861).
-15
Evaluate -2 + 1 - (2 + 28) - (-8149 - -8138).
-20
Calculate (0 - -9) + 2 + -8 + 10.
13
What is the value of 16 + 0 + (-31 - -13)?
-2
What is the value of 44 + -38 + (-8 + 3 - -3) + -20?
-16
Evaluate 5 + 0 - -3 - 3 - (-36 - -10).
31
What is the value of (-10 - (1 - 5)) + (-41 - -45)?
-2
Evaluate (-9 - 1) + -14 + 14 + 13.
3
-24 + (-4 - (-2 + 13 - 15))
-24
What is the value of -5 + 13 + -9 + (-1 - -4)?
2
-8 + (-16 - (-92 - -38))
30
What is 0 - (17 - 12) - 5?
-10
What is 0 + 12 + 423 + -416?
19
What is the value of -3 - (-33 + 8 + 13)?
9
What is (3 - 23) + 7 + 6 + (-6 - -1)?
-12
What is -9 + 19 + -133 + 149?
26
What is the value of 7 - (5 + -3 + -10 - (-11 + 5))?
9
Calculate 21 - (4 + -5) - (16 + -7).
13
Calculate -1 - (8 - 33 - -2).
22
Calculate 3 + (8 - (-5 - -1)).
15
(2 - 7) + 11 + (14 - (19 + -12))
13
Calculate 45 + (-30 - 4) + 12.
23
What is 13 + (13 - 1 - (-5 - -1))?
29
(39 - 76) + 26 + -21
-32
What is the value of 8 + (-11 - 9) + -3 + 11?
-4
Calculate 18 - (-12 - -27) - (2 + -7).
8
Calculate 8 + -4 + (-13 - (17 - 13)).
-13
-2 - ((7